93572949 a composite number?
False
Is 10328137 a composite number?
False
Is 15306031 a composite number?
True
Is 4342253 prime?
False
Is 4151987 composite?
True
Is 9290935 a composite number?
True
Is 796577 prime?
False
Is 12986763 composite?
True
Is 325489963 a prime number?
True
Is 1740617 composite?
True
Is 389924033 a prime number?
True
Is 773821229 composite?
False
Is 413785 prime?
False
Is 14564933 prime?
True
Is 153952681 a composite number?
True
Is 10836249 prime?
False
Is 16995629 prime?
False
Is 2953397 composite?
True
Is 5480609 a composite number?
False
Is 19986419 prime?
True
Is 1202293 a prime number?
True
Is 161775349 composite?
True
Is 4489874 a composite number?
True
Is 34539011 prime?
False
Is 206209663 a composite number?
True
Is 541927453 a composite number?
True
Is 86390917 prime?
False
Is 327285481 prime?
False
Is 8004011 composite?
False
Is 330604601 prime?
True
Is 2354797 a prime number?
True
Is 4582759 prime?
True
Is 391486 prime?
False
Is 392435873 prime?
True
Is 65178433 a composite number?
False
Is 2186683 a prime number?
True
Is 7493 prime?
False
Is 63757511 prime?
True
Is 585985349 prime?
True
Is 124621681 composite?
True
Is 4103774023 prime?
True
Is 98513123 composite?
False
Is 430207 a prime number?
False
Is 5916891 composite?
True
Is 17511601 a prime number?
True
Is 62704743 prime?
False
Is 3776089 a prime number?
False
Is 30360311 a composite number?
False
Is 12286553 a prime number?
False
Is 23178391 a prime number?
False
Is 70945859 prime?
True
Is 4801021 composite?
True
Is 270563 a prime number?
True
Is 2605073 composite?
False
Is 10666897 prime?
False
Is 2719547 a composite number?
True
Is 47065393 a composite number?
False
Is 688333 prime?
True
Is 426711221 prime?
True
Is 140491919 prime?
False
Is 555817 a prime number?
False
Is 246119 a composite number?
False
Is 4984073 a composite number?
False
Is 2630207 a prime number?
True
Is 10485697 composite?
False
Is 4722701 composite?
True
Is 49776157 a prime number?
True
Is 6197227 a composite number?
False
Is 10049911 a prime number?
True
Is 199353841 composite?
False
Is 5181601 composite?
True
Is 6646069 prime?
False
Is 629507503 a prime number?
True
Is 7638971 a prime number?
True
Is 20578099 prime?
False
Is 640499 prime?
True
Is 2983759 prime?
True
Is 4547831 prime?
True
Is 6410786 composite?
True
Is 6865681 prime?
False
Is 44460473 a prime number?
False
Is 1397878 composite?
True
Is 1268717 prime?
False
Is 4566167 a composite number?
True
Is 91416821 prime?
False
Is 34968601 composite?
False
Is 778571 composite?
True
Is 61720081 a composite number?
True
Is 5731949 a prime number?
True
Is 70654729 composite?
True
Is 1172183 a prime number?
False
Is 1208341 a composite number?
False
Is 6834337 prime?
False
Is 198919187 composite?
False
Is 177150947 a composite number?
False
Is 4625167 a prime number?
True
Is 2450759 a composite number?
False
Is 22919381 a prime number?
True
Is 141280511 composite?
False
Is 374057549 composite?
False
Is 11881486 a composite number?
True
Is 21037901 composite?
False
Is 92971145 prime?
False
Is 244208243 prime?
False
Is 4342154 composite?
True
Is 2618417 a composite number?
True
Is 11126803 a prime number?
True
Is 2135643511 a composite number?
False
Is 86727967 a prime number?
True
Is 34320509 prime?
True
Is 149134091 prime?
True
Is 18683921 a composite number?
False
Is 9242323 prime?
True
Is 4610339 composite?
True
Is 130303171 a prime number?
False
Is 459581 a prime number?
False
Is 4966291 a prime number?
False
Is 414533987 prime?
False
Is 3955417 prime?
True
Is 20158279 prime?
False
Is 54465773 composite?
True
Is 57631477 a composite number?
False
Is 128131291 composite?
False
Is 69765623 composite?
True
Is 4390177 a prime number?
False
Is 105585841 a prime number?
False
Is 65236978 prime?
False
Is 107177767 a composite number?
False
Is 136329857 a composite number?
True
Is 47782519 a composite number?
True
Is 8953013 composite?
False
Is 31551827 a prime number?
True
Is 11439947 prime?
False
Is 327206965 a composite number?
True
Is 723721 a composite number?
False
Is 17562899 composite?
False
Is 15532351 composite?
False
Is 5951957 a prime number?
False
Is 1835651 prime?
True
Is 3688639 composite?
True
Is 39846057 composite?
True
Is 5065841 a composite number?
True
Is 1344641 prime?
True
Is 95281129 a prime number?
False
Is 56684501 composite?
False
Is 24711626 prime?
False
Is 173491433 a composite number?
False
Is 3087143 prime?
False
Is 10920431 a prime number?
True
Is 593126 a composite number?
True
Is 1352459 a composite number?
False
Is 6066473 prime?
False
Is 4604267 composite?
False
Is 10835753 a prime number?
True
Is 210439597 a prime number?
False
Is 15011081 composite?
False
Is 773207 a prime number?
True
Is 21193217 composite?
False
Is 442069387 composite?
False
Is 7564309 a composite number?
True
Is 11237467 a composite number?
True
Is 740987 composite?
True
Is 8678557 composite?
False
Is 1630987 a composite number?
False
Is 136523207 prime?
False
Is 4132385 a prime number?
False
Is 211997659 composite?
True
Is 742009609 a prime number?
False
Is 700751 a prime number?
True
Is 190711217 a composite number?
False
Is 115561 prime?
True
Is 80105279 composite?
True
Is 39773191 a prime number?
True
Is 603457 a composite number?
False
Is 56469509 composite?
False
Is 81030557 a composite number?
False
Is 638809333 a prime number?
False
Is 8857061 prime?
False
Is 5446849 a prime number?
False
Is 106156117 a prime number?
True
Is 718981 a composite number?
True
Is 41367 a prime number?
False
Is 1715029003 a composite number?
True
Is 353077 a prime number?
False
Is 102069811 a prime number?
True
Is 363025177 composite?
False
Is 14062031 a prime number?
True
Is 696131 prime?
False
Is 41071663 a composite number?
False
Is 254564423 composite?
True
Is 7396427 prime?
False
Is 58245919 prime?
True
Is 6560077 prime?
False
Is 909989 prime?
False
Is 1978877 a composite number?
False
Is 10855714 a prime number?
False
Is 19147889 a prime number?
True
Is 893281 a composite number?
False
Is 52108543 prime?
False
Is 6791711 composite?
False
Is 419619611 prime?
False
Is 5100211 composite?
False
Is 1104784289 a prime number?
False
Is 3758341 a composite number?
False
Is 21370483 prime?
True
Is 183019961 a prime number?
True
Is 2152603 composite?
True
Is 147047 a composite number?
False
Is 15253201 composite?
False
Is 618509 prime?
True
Is 16189553 a prime number?
True
Is 1438873 a prime number?
False
Is 2185511 a composite number?
False
Is 330584053 a prime number?
False
Is 2669549 prime?
True
Is 50725837 composite?
False
Is 14799793 prime?
True
Is 11624747 a composite number?
False
Is 1379089 a composite number?
False
Is 318808027 prime?
True
Is 14526509 composite?
False
Is 328271 prime?
True
Is 3522993 composite?
True
Is 4901597 a prime number?
False
Is 5760389 a prime number?
False
Is 7625482 a prime number?
False
Is 15449443 prime?
True
Is 522239 composite?
False
Is 3194441 a composite number?
False
Is 1062977 a composite number?
False
Is 88124117 prime?
True
Is 141073069 a prime number?
True
Is 308663 composite?
False
Is 23104157 prime?
True
Is 1182726791 prime?
True
Is 282847 a prime number?
True
Is 153665279 a composite number?
False
Is 18849601 a prime number?
True
Is 563879 a composite number?
True
Is 442565 a prime number?
False
Is 3146719 a prime number?
True
Is 512639 a prime number?
False
Is 103902479 composite?
False
Is 374804731 a prime number?
False
Is 2612017 a composite number?
False
Is 4439705 composite?
True
Is 43054259 a prime number?
False
Is 15462323 a prime number?
False
Is 75205315 prime?
False
Is 3827267 a prime number?
False
Is 12985597 prime?
True
Is 4705259 a composite number?
True
Is 5781569 prime?
True
Is 14490283 a prime number?
True
Is 1032593 a composite number?
True
Is 4580473 a prime number?
False
Is 765987 composite?
True
Is 1384420627 composite?
True
Is 659819 a prime number?
True
Is 3998422 prime?
False
Is 335457205 a composite number?
True
Is 67269637 prime?
False
Is 14223289 a prime number?
True
Is 69051 a composite number?
True
Is 2349029 composite?
True
Is 8020499 composite?
False
Is 109776323 a composite number?
False
Is 763150231 a prime number?
False
Is 459646903 a prime number?
True
I